 6309?
701
What is the greatest common factor of 1043002 and 12154?
118
What is the greatest common divisor of 208216472 and 16?
8
Calculate the greatest common divisor of 25850 and 28549774.
1034
What is the highest common divisor of 2272 and 2349344?
32
What is the highest common factor of 36730512 and 66339?
819
What is the greatest common divisor of 1869 and 4218228?
21
What is the greatest common factor of 5382 and 74566?
46
What is the greatest common divisor of 3999774 and 1427127?
4773
What is the highest common divisor of 552 and 5935035?
69
Calculate the highest common divisor of 507376722 and 342.
114
Calculate the highest common divisor of 142 and 11128753.
71
What is the highest common factor of 4 and 5764292?
4
What is the highest common divisor of 470 and 8747170?
470
What is the greatest common divisor of 92 and 7667188?
92
What is the greatest common factor of 21936400 and 200?
200
What is the greatest common divisor of 2272 and 13978409?
71
What is the greatest common divisor of 942123 and 222768?
4641
Calculate the greatest common divisor of 8780067 and 15411.
1401
Calculate the highest common divisor of 15862470 and 1253094.
2742
Calculate the greatest common divisor of 286 and 2736316.
22
What is the highest common factor of 92 and 8145450?
46
What is the highest common divisor of 28542708 and 292?
292
Calculate the greatest common divisor of 133 and 4859687.
133
What is the highest common factor of 11860 and 38245?
5
What is the greatest common divisor of 131 and 14406201?
131
What is the greatest common divisor of 114288118 and 25788?
4298
What is the greatest common factor of 7112973 and 1995?
399
Calculate the greatest common factor of 788589 and 54.
27
Calculate the greatest common divisor of 36006 and 62526.
102
Calculate the highest common divisor of 103254096 and 36.
12
What is the greatest common divisor of 5324892 and 268?
268
Calculate the greatest common factor of 8098105 and 145.
145
Calculate the highest common divisor of 80 and 110260400.
80
What is the highest common factor of 98458486 and 14?
14
What is the greatest common divisor of 20352706 and 1292?
34
Calculate the greatest common divisor of 6517359 and 58457.
1193
Calculate the greatest common divisor of 604 and 77064964.
604
Calculate the highest common divisor of 20884 and 1199014.
454
Calculate the greatest common factor of 238702 and 37968173.
2911
Calculate the greatest common divisor of 4508 and 106806917.
1127
What is the highest common divisor of 401 and 679439964?
401
What is the highest common factor of 6120148 and 76?
4
What is the greatest common divisor of 27780 and 9330?
30
Calculate the highest common divisor of 4135475 and 350.
25
What is the highest common factor of 962 and 8244262?
26
What is the highest common factor of 41544 and 21607496?
4616
Calculate the greatest common factor of 168295 and 6940.
1735
What is the highest common factor of 990 and 27973872?
18
Calculate the greatest common divisor of 81588 and 2346.
6
What is the greatest common factor of 116453 and 10703299?
1153
What is the greatest common factor of 184 and 57976?
8
Calculate the greatest common divisor of 96 and 15328056.
24
Calculate the greatest common factor of 40146311 and 71.
71
What is the highest common factor of 2637945 and 17385?
915
What is the highest common factor of 2037 and 65226?
21
Calculate the highest common factor of 1810000 and 2534.
362
Calculate the highest common divisor of 8732 and 4442588372.
8732
Calculate the highest common factor of 1353851 and 768184.
733
What is the greatest common factor of 344 and 24214200?
8
What is the highest common factor of 94365 and 33192?
9
Calculate the highest common factor of 532386 and 414.
18
Calculate the greatest common factor of 138505560 and 3056.
1528
What is the greatest common factor of 2323 and 841431?
101
What is the highest common factor of 14621712 and 32?
16
What is the highest common factor of 403 and 707174?
13
What is the greatest common factor of 135425 and 650?
25
What is the greatest common divisor of 112 and 25166120?
56
What is the greatest common divisor of 5004468 and 2548?
196
Calculate the greatest common divisor of 1708 and 30524522.
854
What is the highest common divisor of 124 and 1037941876?
124
What is the highest common factor of 3113161 and 62912?
983
Calculate the highest common divisor of 818 and 16463477.
409
What is the highest common divisor of 1676538 and 1782?
162
Calculate the highest common divisor of 619490127 and 564.
141
What is the highest common factor of 1536 and 4502496?
96
What is the greatest common divisor of 11701229 and 899?
31
What is the greatest common divisor of 8682 and 290982?
6
What is the highest common factor of 1431690 and 690?
30
What is the greatest common factor of 1636 and 36106520?
1636
What is the greatest common factor of 44520 and 3484326?
318
Calculate the highest common factor of 1175 and 7269396.
47
Calculate the highest common divisor of 36148 and 2212.
28
What is the highest common factor of 216 and 424769346?
54
What is the highest common divisor of 176957 and 2101?
11
Calculate the highest common divisor of 1712 and 122520992.
1712
Calculate the highest common divisor of 610 and 113042638.
122
What is the greatest common factor of 1541306 and 30394?
26
Calculate the greatest common divisor of 20874 and 56942.
142
Calculate the highest common divisor of 68210662 and 26.
26
Calculate the highest common divisor of 85440 and 129144.
24
What is the greatest common factor of 41 and 777803087?
41
What is the highest common divisor of 477 and 50221687?
53
What is the highest common factor of 828 and 18208824?
276
Calculate the highest common divisor of 32171888 and 10472.
952
What is the highest common divisor of 245713374 and 666?
666
What is the greatest common divisor of 10374 and 163891?
91
Calculate the highest common divisor of 18729700 and 2200.
1100
What is the highest common factor of 47123721 and 39429?
3033
Calculate the highest common factor of 8490 and 495570.
30
What is the greatest common divisor of 225 and 8475795?
45
Calculate the highest common divisor of 8385 and 274659619.
559
What is the highest common factor of 1918986 and 456?
6
Calculate the highest common divisor of 57661 and 41170.
23
What is the highest common factor of 4760 and 7577640?
280
Calculate the highest common factor of 433206 and 210733.
587
Calculate the highest common factor of 4484 and 133532.
76
Calculate the greatest common factor of 750 and 1700820.
30
Calculate the greatest common divisor of 161596 and 52114.
142
Calculate the highest common factor of 61146 and 151722.
18
What is the highest common factor of 2804542 and 4?
2
Calculate the highest common factor of 501245980 and 20.
20
What is the greatest common divisor of 13184836 and 56?
28
What is the greatest common divisor of 28496970 and 180?
90
What is the greatest common divisor of 5986 and 8444852?
82
What is the greatest common divisor of 275739 and 6527?
107
What is the highest common divisor of 2240 and 5342680?
280
What is the greatest common factor of 6913945 and 5190?
865
What is the greatest common factor of 69324151 and 208?
13
Calculate the greatest common divisor of 52888 and 594.
22
What is the greatest common divisor of 19 and 589587442?
19
Calculate the highest common factor of 54752625 and 16875.
3375
Calculate the highest common divisor of 187584 and 391296.
192
Calculate the greatest common factor of 790018 and 120276.
514
Calculate the greatest common factor of 286 and 14666938.
286
Calculate the greatest common divisor of 2720574 and 252486.
1494
Calculate the highest common factor of 7720976 and 19352.
472
What is the greatest common divisor of 214 and 20334?
2
Calculate the highest common factor of 12182998 and 14890.
2978
What is the greatest common divisor of 6039471 and 37475?
1499
What is the greatest common factor of 9088002 and 630?
126
What is the highest common divisor of 7588 and 40379?
271
What is the greatest common divisor of 67991 and 15092?
77
Calculate the highest common factor of 798 and 19400577.
399
Calculate the highest common factor of 200 and 207738900.
100
Calculate the highest common divisor of 30611 and 1848.
7
Calculate the greatest